).
7
Let o(g) be the third derivative of -g**4/12 + g**3/2 + 20*g**2. Suppose -b - 2*b - 2 = 5*y, y - 18 = 4*b. Determine o(y).
-1
Let l(f) = -f**3 + 2*f**2 + 2*f - 3. Let j be 2/(-1)*(-3)/2. Let o be l(j). Let c(r) = -r + 4. Let m(q) = -2*q + 5. Let g(u) = o*c(u) + 5*m(u). Determine g(1).
-3
Let w(r) = 6*r**2 + r - 1. Let f = -7 - -13. Let b = f - 9. Let v = -2 - b. Calculate w(v).
6
Let j = 15 + -18. Let y(x) = 2*x. Give y(j).
-6
Let b(n) be the third derivative of 0*n**3 + 0 - 1/24*n**5 + 0*n + 1/12*n**4 + 1/720*n**6 + n**2. Let g(v) be the second derivative of b(v). Determine g(4).
-1
Let o be 4*(-2)/(16/(-12)). Let a(s) = -s + 8. What is a(o)?
2
Let l(n) = 3*n**2 - 5 - 4*n**2 + 0*n**2 + 1 + 8*n. Give l(8).
-4
Let y = 7 + -4. Let b(r) be the first derivative of -r**2 + r - 195. What is b(y)?
-5
Let u(s) be the first derivative of -s**4/4 + 5*s**3/3 + 7*s - 9. Calculate u(5).
7
Let b(z) = z - 4. Let h be b(-3). Let g(r) = 2*r - 2. Calculate g(h).
-16
Let l(a) = -2*a - 2. Suppose -t = -w + 1, 2*w + 30 + 3 = -5*t. Determine l(t).
8
Let v(n) = 0*n**3 - n - 3*n**3 + 2 + 4*n**3 + 0*n. Let b(w) = 1 + 3*w**3 - 6*w**3 + 3*w - 7. Let i(l) = 6*b(l) + 17*v(l). Give i(-2).
4
Let y(o) = o**2 + 7*o - 11. Let m be y(-8). Let n be 1 - (m + (4 - 0)). Let x(z) = z**3 - z**2 - 4. Calculate x(n).
-4
Let a(u) be the second derivative of -2*u + 1/2*u**2 + 0 + 7/6*u**3. Give a(-1).
-6
Suppose -t + 4*t - 4*g + 93 = 0, 0 = 5*g - 15. Let y = t + 28. Let o(i) = -5*i - 1. Calculate o(y).
-6
Let z be (2 + -2 - 1)*2. Let l be z/(-6)*-1*3. Let w(s) = -s - 4. Let q(f) = -4*f - 11. Let j(n) = -3*q(n) + 8*w(n). What is j(l)?
-3
Suppose 2*a + 12 = 4*a. Let o(y) = y**3 - 9*y**2 - y + 3. Let t(c) = -c**3 + 10*c**2 + 2*c - 4. Let u(k) = a*o(k) + 5*t(k). Determine u(3).
1
Let a = -2 + -2. Let z(k) = -k**3 - 3*k**2 + k - 4. Determine z(a).
8
Let p = 9 - 1. Let n(j) = -5 - 2 + 5 - 7*j**2 + p*j + 8. Let c(f) = f**2 - f - 1. Let y(r) = -6*c(r) - n(r). Determine y(4).
8
Let m(z) be the second derivative of z**7/840 - z**6/180 - z**5/120 + z**3/2 + 2*z. Let b(f) be the second derivative of m(f). Calculate b(-1).
-2
Let w(y) = -10*y**2 - y + 1. Let x(t) = -t**3 + 17*t**2 + 17*t + 19. Let r be x(18). What is w(r)?
-10
Suppose 5*n - 4 = -4*i - 12, i - 4*n - 19 = 0. Let o(y) be the second derivative of -y**4/12 + y**3/3 - 3*y**2/2 - y. What is o(i)?
-6
Let w(y) = -3*y**2 + 3*y. Let n be 5/(2 + 4/8). What is w(n)?
-6
Let n(q) = -26*q**3 + 9*q**2 - 7*q. Let j(c) = -13*c**3 + 4*c**2 - 3*c. Let h(f) = -5*j(f) + 2*n(f). Determine h(1).
12
Let r = -1 + 5. Let j(o) be the first derivative of -2/3*o**3 + 3*o**2 - o + 1. Calculate j(r).
-9
Suppose -4*x - 3*m = -0*x - 4, 4*x - 24 = 2*m. Let w(g) = 2*g**3 - x*g**2 - g**3 - g + 0*g - 1 - 6*g. What is w(5)?
-11
Let p(g) = -2*g**2 + g. Suppose 2*z + 5*a = -z - 26, 0 = 2*z - 3*a + 11. Let r(x) = x + 9. Let k be r(z). Suppose -m = -0 - k. Calculate p(m).
-6
Let o(s) be the second derivative of -3/2*s**2 - 2*s - 1/3*s**3 + 0. Calculate o(-4).
5
Let c(a) = -a**3 + a**2 + 1. Let n(f) = f + 6*f - 8*f**2 - f**3 + 4*f**3 + 16 - 14. Let w(h) = 4*c(h) + n(h). Give w(-5).
-4
Let o(n) = n**3 + 5*n**2 + 3*n - 2. Let s be o(-4). Let h(v) = -2*v + v**2 - 5*v - 5*v**s + 2 + 2*v**2. Calculate h(-5).
-13
Suppose -2*h = 54 - 6. Let g = 22 + h. Let z(f) = -2*f**2 + f + 1. Give z(g).
-9
Let p(a) = -a + 3*a - a + 4*a. What is p(-1)?
-5
Let h(i) be the second derivative of 1/12*i**4 - 5/6*i**3 + 3/2*i**2 + 0 - i. Let m = -3 - -6. What is h(m)?
-3
Let r = -4 - -8. Let i be (-12 + r)*(-2)/(-4). Let p(d) = d**2 + 6*d + 6. What is p(i)?
-2
Suppose 4*t - 2 = 2*x, x + t = -0 - 4. Let k(j) = -j - 6. Let l(m) = -5*m - 25. Let q(w) = 9*k(w) - 2*l(w). Determine q(x).
-7
Let b(j) be the second derivative of 2/3*j**3 + 1/2*j**2 + 0 + 1/12*j**4 - 3*j. What is b(-5)?
6
Let r(b) = b - 1. Suppose 3*p = -p. Calculate r(p).
-1
Let d(q) = 2*q**2 - 5*q - 4. Let c be d(3). Let a(r) = 2*r - 1. What is a(c)?
-3
Let m = 6 - 0. Let v(d) be the third derivative of d**5/60 - 7*d**4/24 + 7*d**3/6 - 23*d**2. What is v(m)?
1
Suppose -6*q - 4*k = -q - 26, 0 = -3*q + 2*k + 20. Let g(b) = -2*b**3 - 6*b**2 + 6*b**2 - 4 + q*b**2 + 3*b**3. Give g(-6).
-4
Let x(l) be the second derivative of l**4/2 - l**2 + 6*l. Calculate x(-2).
22
Let c(f) be the third derivative of f**7/1260 - f**6/720 + f**5/15 - f**2. Let k(s) be the third derivative of c(s). Give k(1).
3
Let c(t) = t**2 - t + 1. Let b(l) = 7*l**2 - 5*l + 4. Let g(f) = -b(f) + 6*c(f). Suppose -12 = -u - 3*u. Suppose u*p + 8 = p. Calculate g(p).
-10
Let s(m) = 2*m**2 + m - 1. Suppose 6 = 3*u - 0*p + 5*p, 0 = 5*u - p - 10. Calculate s(u).
9
Let w(x) = -x**3 - x**2 + x. Suppose -q - 5*n - 24 = 0, q - 6*q - 3*n = 32. Let f be (-6)/q*2 + -1. Give w(f).
-10
Let t(b) be the third derivative of -b**8/2240 + b**7/2520 - b**6/720 + b**5/20 + 4*b**2. Let k(p) be the third derivative of t(p). What is k(1)?
-8
Let z = 0 - -1. Let w be 0 + (28/2)/(-2). Let a(q) = 3*q**2 - 3*q + 3. Let i(g) = -2*g**2 + 2*g - 2. Let t(j) = w*i(j) - 5*a(j). Give t(z).
-1
Let w(y) = -y**3 + 9*y**2 - 10*y + 10. Let h be w(8). Let c be h/(-4) + 4/8. Let t(i) = 0*i - 3*i**c + 0*i + 2 + i + i**2. Give t(2).
-4
Suppose -j - k - 4 = 0, 3*j + 4*k + 16 = 6*j. Let z(n) be the third derivative of -n**5/60 + n**3 - 5*n**2. Determine z(j).
6
Let y(w) be the second derivative of 2*w + 0 + 7/6*w**3 - 1/12*w**4 - 4*w**2. What is y(6)?
-2
Let h(q) = 4*q + 49. Let f be h(-12). Let p(y) = -14*y - 1. Give p(f).
-15
Let f(r) be the third derivative of -r**4/8 + 2*r**3/3 - 13*r**2. Determine f(3).
-5
Let q(m) be the first derivative of -1 + 1/2*m**2 + 2*m + 1/2*m**4 - 4/3*m**3. Determine q(2).
4
Let m be 6/4*(-30)/(-9). Let g(x) = x**2 + x - 6. Let c be g(m). Suppose -5*q = 25, -y = -2*y + 5*q + c. Let v(d) = d - 1. Give v(y).
-2
Let d(j) be the second derivative of j**6/60 + j**5/20 + j**2 + 6*j. Let c(o) be the first derivative of d(o). Give c(-2).
-4
Let h(r) be the first derivative of r**4/4 + 5*r**3/3 + 5*r**2/2 + 4*r + 3. Let o = -12 - -8. Calculate h(o).
0
Let t(x) = -x + 9. Let c be t(7). Let d(n) = 2*n**c + 1 - 3*n**2 + 6*n + 3. Suppose -3*w = -7*b + 2*b, 19 = 5*w - 2*b. What is d(w)?
9
Suppose -4*z + 10 = 2. Suppose 0 = -f + z*a - 5, f + 2*f + 4*a = 25. Let w(u) = u - 3. Determine w(f).
0
Suppose 3*n + 3 = -6. Let w be (2 - n)*-1*1. Let u(y) = 3*y + 5. Give u(w).
-10
Let t = 3 + -7. Let h(i) = 4*i + 5. Let j(s) = s + 1. Let g(r) = h(r) - j(r). Calculate g(t).
-8
Suppose -4*y - 20 = 0, 2*y + 17 = -5*v - 23. Let t(n) = n**3 + 6*n**2 - 3. Determine t(v).
-3
Let t = 6 - -10. Suppose 0*g - t = -4*g. Let v(f) = 7*f - 2*f + g + f**2 + f. Give v(-4).
-4
Let g(r) = -r**3 + 6*r**2 - 6*r + 4. Let t be g(4). Let x be (-1)/(-3)*(-1 - -10). Suppose -4*v = -4*h + 12, x*v + v = -t. Let u(s) = s + 4. Give u(h).
4
Let w(r) = 16 - 4*r**2 + 14*r**2 + 12*r + 2*r**2 + r**3. Let n be w(-11). Let c(x) = -x**2 + 6*x + 4. Calculate c(n).
9
Let y(k) = k**2 + 3*k - 3. Let r = 15 - 13. Suppose -4*n + 5*i = -9, -2*i = r*n + n + 22. Determine y(n).
1
Let m = -2 + 6. Let h(j) = j**3 - 4*j**2 - 3*j. Let v(f) = -1. Let z(p) = h(p) - 5*v(p). Give z(m).
-7
Let i(o) = -o - 8. Suppose 2*m + 24 = -m. Let b = m - -2. Calculate i(b).
-2
Let j(h) be the second derivative of -h**3/6 + 4*h**2 + 6*h. Calculate j(7).
1
Let a(l) be the first derivative of 1 + l - 1/2*l**2. Let p(q) = -q - 1. Let i be p(4). Give a(i).
6
Let a(t) be the third derivative of t**4/24 - t**3/3 + 21*t**2. What is a(-5)?
-7
Suppose 0 = u + 4 - 2, 6 = 5*r + 2*u. Let q(v) = v**3 + v**r - 29*v + 32*v + v**2. Give q(-2).
-6
Suppose 8*m - 27 = -11. Suppose 2*x = -x + 9. Let u(z) = -2 - 2*z**3 + z**3 - z + x*z**2 + 0*z**3. Calculate u(m).
0
Let b(w) = 3*w + 15. Let c(x) = x + 7. Let g(h) = -6*b(h) + 13*c(h). Determine g(-2).
11
Let x(q) be the first derivative of q**4/4 - 5*q**3/3 - 4*q**2 + 4*q - 6. Determine x(6).
-8
Let u(s) = -3*s - 18. Let y(g) = -g - 6. Let w(h) = 6*u(h) - 17*y(h). Let c be w(-7). Let b(l) be the first derivative of -l**4/4 - l**3/3 + 1. Calculate b(c).
-2
Let p(a) = 7*a**3 - 13*a - 7. Let j(z) = 6*z**3 + z**2 - 12*z - 7. Let w(u) = -6*j(u) + 5*p(u). Give w(-7).
7
Suppose -x = 2*g + 2*x - 2, 0 = 2*g + x + 2. Let b(o) = 4*o**2 + 3*o + 3. What is b(g)?
